{"id":5837,"date":"2026-02-18T20:49:35","date_gmt":"2026-02-18T20:49:35","guid":{"rendered":"https:\/\/agderma.de\/?page_id=5837"},"modified":"2026-02-18T21:09:06","modified_gmt":"2026-02-18T21:09:06","slug":"information","status":"publish","type":"page","link":"https:\/\/agderma.de\/en\/","title":{"rendered":"Information"},"content":{"rendered":"<div data-elementor-type=\"wp-page\" data-elementor-id=\"5837\" class=\"elementor elementor-5837\" data-elementor-post-type=\"page\">\n\t\t\t\t<div class=\"elementor-element elementor-element-00b0ece e-flex e-con-boxed e-con e-parent\" data-id=\"00b0ece\" data-element_type=\"container\" data-e-type=\"container\">\n\t\t\t\t\t<div class=\"e-con-inner\">\n\t\t<div class=\"elementor-element elementor-element-3a530a8 e-con-full e-flex e-con e-child\" data-id=\"3a530a8\" data-element_type=\"container\" data-e-type=\"container\" data-settings=\"{&quot;background_background&quot;:&quot;classic&quot;}\">\n\t\t<div class=\"elementor-element elementor-element-2451754 e-con-full e-flex e-con e-child\" data-id=\"2451754\" data-element_type=\"container\" data-e-type=\"container\">\n\t\t\t\t<div class=\"elementor-element elementor-element-92d237e elementor-widget elementor-widget-heading\" data-id=\"92d237e\" data-element_type=\"widget\" data-e-type=\"widget\" data-widget_type=\"heading.default\">\n\t\t\t\t<div class=\"elementor-widget-container\">\n\t\t\t\t\t<h2 class=\"elementor-heading-title elementor-size-default\">Announcement on the organisational realignment of the Working Group on Sustainability in Dermatology (AGN) e.V.<\/h2>\t\t\t\t<\/div>\n\t\t\t\t<\/div>\n\t\t\t\t<div class=\"elementor-element elementor-element-40b0318 elementor-widget elementor-widget-text-editor\" data-id=\"40b0318\" data-element_type=\"widget\" data-e-type=\"widget\" data-widget_type=\"text-editor.default\">\n\t\t\t\t<div class=\"elementor-widget-container\">\n\t\t\t\t\t\t\t\t\t<p><span style=\"font-weight: 400;\">On 19 February 2026, the Arbeitsgemeinschaft Nachhaltigkeit in der Dermatologie (AGN) e.V. will be officially dissolved. As part of a strategic reorientation, we are joining the association <a href=\"https:\/\/www.klimawandel-gesundheit.de\/\" target=\"_blank\" rel=\"noopener\">KLUG - German Alliance for Climate Change and Health e.V.<\/a> on. There we will be <a href=\"https:\/\/www.klimawandel-gesundheit.de\/klug-unterstuetzen\/aktiv-werden\/klug-arbeitsgruppen\/arbeitsgruppe-dermatologie\/\" target=\"_blank\" rel=\"noopener\">AG Dermatology<\/a><\/span> <span style=\"font-weight: 400;\">We will continue our work and remain committed to our topics in favour of an environmentally friendly approach to dermatology. All of the materials we have developed so far will be published by KLUG and its <a href=\"https:\/\/klimeg.de\/qm-vorlagen\/\" target=\"_blank\" rel=\"noopener\">Competence centre for climate-resilient medicine and healthcare facilities (KliMeG)<\/a> and will be available there - as usual - free of charge.<\/span><\/p><p><span style=\"font-weight: 400;\">Our special thanks go to the German Dermatological Society<\/span> <span style=\"font-weight: 400;\">as well as all partners, members and sponsors who have accompanied and supported us over the years. Their commitment has been crucial to the success of our initiative to date.<\/span><\/p><p><span style=\"font-weight: 400;\">We look forward to continuing to welcome you to KLUG and to working together on a climate-friendly future for the healthcare sector.<\/span><\/p><p><span style=\"font-weight: 400;\">Best regards<\/span><\/p><p><span style=\"font-weight: 400;\">Your team of the AG Dermatology at KLUG<\/span><\/p>\t\t\t\t\t\t\t\t<\/div>\n\t\t\t\t<\/div>\n\t\t\t\t<\/div>\n\t\t<div class=\"elementor-element elementor-element-27a7fcc e-con-full e-flex e-con e-child\" data-id=\"27a7fcc\" data-element_type=\"container\" data-e-type=\"container\">\n\t\t\t\t<div class=\"elementor-element elementor-element-4e3894c elementor-widget elementor-widget-image\" data-id=\"4e3894c\" data-element_type=\"widget\" data-e-type=\"widget\" data-widget_type=\"image.default\">\n\t\t\t\t<div class=\"elementor-widget-container\">\n\t\t\t\t\t\t\t\t\t\t\t\t\t\t\t<img fetchpriority=\"high\" decoding=\"async\" width=\"303\" height=\"525\" src=\"https:\/\/agderma.de\/wp-content\/uploads\/2023\/04\/undraw_love_it_3km3.svg\" class=\"attachment-large size-large wp-image-4021\" alt=\"\" \/>\t\t\t\t\t\t\t\t\t\t\t\t\t\t\t<\/div>\n\t\t\t\t<\/div>\n\t\t\t\t<\/div>\n\t\t\t\t<\/div>\n\t\t\t\t\t<\/div>\n\t\t\t\t<\/div>\n\t\t\t\t<\/div>","protected":false},"excerpt":{"rendered":"<p>Mitteilung zur organisatorischen Neuausrichtung der Arbeitsgemeinschaft Nachhaltigkeit in der Dermatologie (AGN) e.V. Am 19. Februar 2026 wird die Arbeitsgemeinschaft Nachhaltigkeit in der Dermatologie (AGN) e.V. offiziell aufgel\u00f6st. Im Rahmen einer strategischen Neuausrichtung schlie\u00dfen wir uns dem Verein KLUG &#8211; Deutsche Allianz f\u00fcr Klimawandel und Gesundheit e.V. an. Dort werden wir als AG Dermatologie unsere Arbeit [&hellip;]<\/p>\n","protected":false},"author":1,"featured_media":0,"parent":0,"menu_order":0,"comment_status":"closed","ping_status":"closed","template":"elementor_canvas","meta":{"_acf_changed":false,"footnotes":""},"class_list":["post-5837","page","type-page","status-publish","hentry"],"acf":[],"_links":{"self":[{"href":"https:\/\/agderma.de\/en\/wp-json\/wp\/v2\/pages\/5837","targetHints":{"allow":["GET"]}}],"collection":[{"href":"https:\/\/agderma.de\/en\/wp-json\/wp\/v2\/pages"}],"about":[{"href":"https:\/\/agderma.de\/en\/wp-json\/wp\/v2\/types\/page"}],"author":[{"embeddable":true,"href":"https:\/\/agderma.de\/en\/wp-json\/wp\/v2\/users\/1"}],"replies":[{"embeddable":true,"href":"https:\/\/agderma.de\/en\/wp-json\/wp\/v2\/comments?post=5837"}],"version-history":[{"count":7,"href":"https:\/\/agderma.de\/en\/wp-json\/wp\/v2\/pages\/5837\/revisions"}],"predecessor-version":[{"id":5845,"href":"https:\/\/agderma.de\/en\/wp-json\/wp\/v2\/pages\/5837\/revisions\/5845"}],"wp:attachment":[{"href":"https:\/\/agderma.de\/en\/wp-json\/wp\/v2\/media?parent=5837"}],"curies":[{"name":"wp","href":"https:\/\/api.w.org\/{rel}","templated":true}]}}

<p>Mitteilung zur organisatorischen Neuausrichtung der Arbeitsgemeinschaft Nachhaltigkeit in der Dermatologie (AGN) e.V. Am 19. Februar 2026 wird die Arbeitsgemeinschaft Nachhaltigkeit in der Dermatologie (AGN) e.V. offiziell aufgelöst. Im Rahmen einer strategischen Neuausrichtung schließen wir uns dem Verein KLUG &#8211; Deutsche Allianz für Klimawandel und Gesundheit e.V. an. Dort werden wir als AG Dermatologie unsere Arbeit [&hellip;]</p>
