{"id":5837,"date":"2026-02-18T20:49:35","date_gmt":"2026-02-18T20:49:35","guid":{"rendered":"https:\/\/agderma.de\/?page_id=5837"},"modified":"2026-02-18T21:09:06","modified_gmt":"2026-02-18T21:09:06","slug":"information","status":"publish","type":"page","link":"https:\/\/agderma.de\/es\/","title":{"rendered":"Informaci\u00f3n"},"content":{"rendered":"<div data-elementor-type=\"wp-page\" data-elementor-id=\"5837\" class=\"elementor elementor-5837\" data-elementor-post-type=\"page\">\n\t\t\t\t<div class=\"elementor-element elementor-element-00b0ece e-flex e-con-boxed e-con e-parent\" data-id=\"00b0ece\" data-element_type=\"container\" data-e-type=\"container\">\n\t\t\t\t\t<div class=\"e-con-inner\">\n\t\t<div class=\"elementor-element elementor-element-3a530a8 e-con-full e-flex e-con e-child\" data-id=\"3a530a8\" data-element_type=\"container\" data-e-type=\"container\" data-settings=\"{&quot;background_background&quot;:&quot;classic&quot;}\">\n\t\t<div class=\"elementor-element elementor-element-2451754 e-con-full e-flex e-con e-child\" data-id=\"2451754\" data-element_type=\"container\" data-e-type=\"container\">\n\t\t\t\t<div class=\"elementor-element elementor-element-92d237e elementor-widget elementor-widget-heading\" data-id=\"92d237e\" data-element_type=\"widget\" data-e-type=\"widget\" data-widget_type=\"heading.default\">\n\t\t\t\t<div class=\"elementor-widget-container\">\n\t\t\t\t\t<h2 class=\"elementor-heading-title elementor-size-default\">Anuncio sobre el reajuste organizativo del Grupo de Trabajo sobre Sostenibilidad en Dermatolog\u00eda (AGN) e.V.<\/h2>\t\t\t\t<\/div>\n\t\t\t\t<\/div>\n\t\t\t\t<div class=\"elementor-element elementor-element-40b0318 elementor-widget elementor-widget-text-editor\" data-id=\"40b0318\" data-element_type=\"widget\" data-e-type=\"widget\" data-widget_type=\"text-editor.default\">\n\t\t\t\t<div class=\"elementor-widget-container\">\n\t\t\t\t\t\t\t\t\t<p><span style=\"font-weight: 400;\">El 19 de febrero de 2026, la Arbeitsgemeinschaft Nachhaltigkeit in der Dermatologie (AGN) e.V. se disolver\u00e1 oficialmente. Como parte de una reorientaci\u00f3n estrat\u00e9gica, nos uniremos a la asociaci\u00f3n <a href=\"https:\/\/www.klimawandel-gesundheit.de\/\" target=\"_blank\" rel=\"noopener\">KLUG - Alianza Alemana para el Cambio Clim\u00e1tico y la Salud e.V.<\/a> en. All\u00ed estaremos <a href=\"https:\/\/www.klimawandel-gesundheit.de\/klug-unterstuetzen\/aktiv-werden\/klug-arbeitsgruppen\/arbeitsgruppe-dermatologie\/\" target=\"_blank\" rel=\"noopener\">Dermatolog\u00eda AG<\/a><\/span> <span style=\"font-weight: 400;\">Continuaremos nuestro trabajo y seguiremos comprometidos con nuestros temas a favor de un enfoque de la dermatolog\u00eda respetuoso con el medio ambiente. Todos los materiales que hemos desarrollado hasta ahora ser\u00e1n publicados por KLUG y sus <a href=\"https:\/\/klimeg.de\/qm-vorlagen\/\" target=\"_blank\" rel=\"noopener\">Centro de competencia para la medicina y las instalaciones sanitarias resistentes al clima (KliMeG)<\/a> y estar\u00e1 disponible all\u00ed - como de costumbre - de forma gratuita.<\/span><\/p><p><span style=\"font-weight: 400;\">Nuestro especial agradecimiento a la Sociedad Dermatol\u00f3gica Alemana<\/span> <span style=\"font-weight: 400;\">as\u00ed como a todos los socios, miembros y patrocinadores que nos han acompa\u00f1ado y apoyado a lo largo de los a\u00f1os. Su compromiso ha sido crucial para el \u00e9xito de nuestra iniciativa hasta la fecha.<\/span><\/p><p><span style=\"font-weight: 400;\">Esperamos seguir d\u00e1ndole la bienvenida a KLUG y trabajar juntos en un futuro respetuoso con el clima para el sector sanitario.<\/span><\/p><p><span style=\"font-weight: 400;\">Saludos cordiales<\/span><\/p><p><span style=\"font-weight: 400;\">Su equipo de la AG Dermatolog\u00eda en KLUG<\/span><\/p>\t\t\t\t\t\t\t\t<\/div>\n\t\t\t\t<\/div>\n\t\t\t\t<\/div>\n\t\t<div class=\"elementor-element elementor-element-27a7fcc e-con-full e-flex e-con e-child\" data-id=\"27a7fcc\" data-element_type=\"container\" data-e-type=\"container\">\n\t\t\t\t<div class=\"elementor-element elementor-element-4e3894c elementor-widget elementor-widget-image\" data-id=\"4e3894c\" data-element_type=\"widget\" data-e-type=\"widget\" data-widget_type=\"image.default\">\n\t\t\t\t<div class=\"elementor-widget-container\">\n\t\t\t\t\t\t\t\t\t\t\t\t\t\t\t<img fetchpriority=\"high\" decoding=\"async\" width=\"303\" height=\"525\" src=\"https:\/\/agderma.de\/wp-content\/uploads\/2023\/04\/undraw_love_it_3km3.svg\" class=\"attachment-large size-large wp-image-4021\" alt=\"\" \/>\t\t\t\t\t\t\t\t\t\t\t\t\t\t\t<\/div>\n\t\t\t\t<\/div>\n\t\t\t\t<\/div>\n\t\t\t\t<\/div>\n\t\t\t\t\t<\/div>\n\t\t\t\t<\/div>\n\t\t\t\t<\/div>","protected":false},"excerpt":{"rendered":"<p>Mitteilung zur organisatorischen Neuausrichtung der Arbeitsgemeinschaft Nachhaltigkeit in der Dermatologie (AGN) e.V. Am 19. Februar 2026 wird die Arbeitsgemeinschaft Nachhaltigkeit in der Dermatologie (AGN) e.V. offiziell aufgel\u00f6st. Im Rahmen einer strategischen Neuausrichtung schlie\u00dfen wir uns dem Verein KLUG &#8211; Deutsche Allianz f\u00fcr Klimawandel und Gesundheit e.V. an. Dort werden wir als AG Dermatologie unsere Arbeit [&hellip;]<\/p>\n","protected":false},"author":1,"featured_media":0,"parent":0,"menu_order":0,"comment_status":"closed","ping_status":"closed","template":"elementor_canvas","meta":{"_acf_changed":false,"footnotes":""},"class_list":["post-5837","page","type-page","status-publish","hentry"],"acf":[],"_links":{"self":[{"href":"https:\/\/agderma.de\/es\/wp-json\/wp\/v2\/pages\/5837","targetHints":{"allow":["GET"]}}],"collection":[{"href":"https:\/\/agderma.de\/es\/wp-json\/wp\/v2\/pages"}],"about":[{"href":"https:\/\/agderma.de\/es\/wp-json\/wp\/v2\/types\/page"}],"author":[{"embeddable":true,"href":"https:\/\/agderma.de\/es\/wp-json\/wp\/v2\/users\/1"}],"replies":[{"embeddable":true,"href":"https:\/\/agderma.de\/es\/wp-json\/wp\/v2\/comments?post=5837"}],"version-history":[{"count":7,"href":"https:\/\/agderma.de\/es\/wp-json\/wp\/v2\/pages\/5837\/revisions"}],"predecessor-version":[{"id":5845,"href":"https:\/\/agderma.de\/es\/wp-json\/wp\/v2\/pages\/5837\/revisions\/5845"}],"wp:attachment":[{"href":"https:\/\/agderma.de\/es\/wp-json\/wp\/v2\/media?parent=5837"}],"curies":[{"name":"wp","href":"https:\/\/api.w.org\/{rel}","templated":true}]}}

Información

<div data-elementor-type="wp-page" data-elementor-id="5837" class="elementor elementor-5837" data-elementor-post-type="page">
				<div class="elementor-element elementor-element-00b0ece e-flex e-con-boxed e-con e-parent" data-id="00b0ece" data-element_type="container" data-e-type="container">
					<div class="e-con-inner">
		<div class="elementor-element elementor-element-3a530a8 e-con-full e-flex e-con e-child" data-id="3a530a8" data-element_type="container" data-e-type="container" data-settings="{&quot;background_background&quot;:&quot;classic&quot;}">
		<div class="elementor-element elementor-element-2451754 e-con-full e-flex e-con e-child" data-id="2451754" data-element_type="container" data-e-type="container">
				<div class="elementor-element elementor-element-92d237e elementor-widget elementor-widget-heading" data-id="92d237e" data-element_type="widget" data-e-type="widget" data-widget_type="heading.default">
				<div class="elementor-widget-container">
					<h2 class="elementor-heading-title elementor-size-default">Anuncio sobre el reajuste organizativo del Grupo de Trabajo sobre Sostenibilidad en Dermatología (AGN) e.V.</h2>				</div>
				</div>
				<div class="elementor-element elementor-element-40b0318 elementor-widget elementor-widget-text-editor" data-id="40b0318" data-element_type="widget" data-e-type="widget" data-widget_type="text-editor.default">
				<div class="elementor-widget-container">
									<p><span style="font-weight: 400;">El 19 de febrero de 2026, la Arbeitsgemeinschaft Nachhaltigkeit in der Dermatologie (AGN) e.V. se disolverá oficialmente. Como parte de una reorientación estratégica, nos uniremos a la asociación <a href="https://www.klimawandel-gesundheit.de/" target="_blank" rel="noopener">KLUG - Alianza Alemana para el Cambio Climático y la Salud e.V.</a> en. Allí estaremos <a href="https://www.klimawandel-gesundheit.de/klug-unterstuetzen/aktiv-werden/klug-arbeitsgruppen/arbeitsgruppe-dermatologie/" target="_blank" rel="noopener">Dermatología AG</a></span> <span style="font-weight: 400;">Continuaremos nuestro trabajo y seguiremos comprometidos con nuestros temas a favor de un enfoque de la dermatología respetuoso con el medio ambiente. Todos los materiales que hemos desarrollado hasta ahora serán publicados por KLUG y sus <a href="https://klimeg.de/qm-vorlagen/" target="_blank" rel="noopener">Centro de competencia para la medicina y las instalaciones sanitarias resistentes al clima (KliMeG)</a> y estará disponible allí - como de costumbre - de forma gratuita.</span></p><p><span style="font-weight: 400;">Nuestro especial agradecimiento a la Sociedad Dermatológica Alemana</span> <span style="font-weight: 400;">así como a todos los socios, miembros y patrocinadores que nos han acompañado y apoyado a lo largo de los años. Su compromiso ha sido crucial para el éxito de nuestra iniciativa hasta la fecha.</span></p><p><span style="font-weight: 400;">Esperamos seguir dándole la bienvenida a KLUG y trabajar juntos en un futuro respetuoso con el clima para el sector sanitario.</span></p><p><span style="font-weight: 400;">Saludos cordiales</span></p><p><span style="font-weight: 400;">Su equipo de la AG Dermatología en KLUG</span></p>								</div>
				</div>
				</div>
		<div class="elementor-element elementor-element-27a7fcc e-con-full e-flex e-con e-child" data-id="27a7fcc" data-element_type="container" data-e-type="container">
				<div class="elementor-element elementor-element-4e3894c elementor-widget elementor-widget-image" data-id="4e3894c" data-element_type="widget" data-e-type="widget" data-widget_type="image.default">
				<div class="elementor-widget-container">
															<img fetchpriority="high" decoding="async" width="303" height="525" src="https://agderma.de/wp-content/uploads/2023/04/undraw_love_it_3km3.svg" class="attachment-large size-large wp-image-4021" alt="" />															</div>
				</div>
				</div>
				</div>
					</div>
				</div>
				</div>

<p>Mitteilung zur organisatorischen Neuausrichtung der Arbeitsgemeinschaft Nachhaltigkeit in der Dermatologie (AGN) e.V. Am 19. Februar 2026 wird die Arbeitsgemeinschaft Nachhaltigkeit in der Dermatologie (AGN) e.V. offiziell aufgelöst. Im Rahmen einer strategischen Neuausrichtung schließen wir uns dem Verein KLUG &#8211; Deutsche Allianz für Klimawandel und Gesundheit e.V. an. Dort werden wir als AG Dermatologie unsere Arbeit [&hellip;]</p>
