{"id":469,"date":"2022-08-31T01:43:00","date_gmt":"2022-08-31T01:43:00","guid":{"rendered":"http:\/\/agderma.de\/?post_type=veranstaltung&#038;p=469"},"modified":"2023-02-26T06:09:13","modified_gmt":"2023-02-26T06:09:13","slug":"serie-de-eventos-klik-green-para-gestores-del-clima","status":"publish","type":"veranstaltungen","link":"https:\/\/agderma.de\/es\/veranstaltungen\/veranstaltungsreihe-klik-green-fuer-klimamanagerinnen\/","title":{"rendered":"Serie de eventos KLIK green+ para gestores del clima"},"content":{"rendered":"<p id=\"viewer-foo\">La serie de actos KLIK green sobre el tema de la gesti\u00f3n del clima comienza el <strong>27 de septiembre de 2022<\/strong>.<\/p>\n\n\n\n<p id=\"viewer-5hr68\">La oferta est\u00e1 dirigida a los gestores del clima ya formados en KLIK Green y a aquellos que quieran convertirse en uno con el proyecto KLIK Green+.<\/p>\n\n\n\n<p id=\"viewer-aqgf6\">Los organizadores son BUND Berl\u00edn y el socio colaborador Krankenhausgesellschaft Nordrhein-Westfalen (KGNW)<\/p>\n\n\n\n<p id=\"viewer-ebqan\">A continuaci\u00f3n encontrar\u00e1 tanto el <a href=\"https:\/\/www.akdermaplastik.de\/_files\/ugd\/e99956_0d12a8462510462b9e3ee4383ea69579.pdf\" target=\"_blank\" rel=\"noreferrer noopener\"><strong><u>Formulario de inscripci\u00f3n<\/u><\/strong><\/a> y el <a href=\"https:\/\/www.akdermaplastik.de\/_files\/ugd\/e99956_9db7b534ebbc4c44b037f436a9b6be75.pdf\" target=\"_blank\" rel=\"noreferrer noopener\"><strong><u>Programa<\/u><\/strong><\/a><strong> <\/strong>para la primera fecha de asistencia en Bonn. Recibir\u00e1 m\u00e1s informaci\u00f3n tras la inscripci\u00f3n.<\/p>","protected":false},"excerpt":{"rendered":"<p>Die Veranstaltungsreihe von KLIK green zum Thema Klimamanagement beginnt am 27. September 2022. Das Angebot richtet sich an bereits ausgebildete KLIK Green Klimamanager:innen und solche, die es mit dem KLIK Green+ Projekt werden wollen. Veranstalter sind der BUND Berlin und Kooperationspartner die Krankenhausgesellschaft Nordrhein-Westfalen (KGNW) Nachfolgend finden Sie sowohl das Anmeldeformular sowie das Programm f\u00fcr [&hellip;]<\/p>\n","protected":false},"featured_media":522,"template":"","class_list":["post-469","veranstaltungen","type-veranstaltungen","status-publish","has-post-thumbnail","hentry"],"acf":[],"_links":{"self":[{"href":"https:\/\/agderma.de\/es\/wp-json\/wp\/v2\/veranstaltungen\/469","targetHints":{"allow":["GET"]}}],"collection":[{"href":"https:\/\/agderma.de\/es\/wp-json\/wp\/v2\/veranstaltungen"}],"about":[{"href":"https:\/\/agderma.de\/es\/wp-json\/wp\/v2\/types\/veranstaltungen"}],"wp:featuredmedia":[{"embeddable":true,"href":"https:\/\/agderma.de\/es\/wp-json\/wp\/v2\/media\/522"}],"wp:attachment":[{"href":"https:\/\/agderma.de\/es\/wp-json\/wp\/v2\/media?parent=469"}],"curies":[{"name":"wp","href":"https:\/\/api.w.org\/{rel}","templated":true}]}}

<p id="viewer-foo">La serie de actos KLIK green sobre el tema de la gestión del clima comienza el <strong>27 de septiembre de 2022</strong>.</p>



<p id="viewer-5hr68">La oferta está dirigida a los gestores del clima ya formados en KLIK Green y a aquellos que quieran convertirse en uno con el proyecto KLIK Green+.</p>



<p id="viewer-aqgf6">Los organizadores son BUND Berlín y el socio colaborador Krankenhausgesellschaft Nordrhein-Westfalen (KGNW)</p>



<p id="viewer-ebqan">A continuación encontrará tanto el <a href="https://www.akdermaplastik.de/_files/ugd/e99956_0d12a8462510462b9e3ee4383ea69579.pdf" target="_blank" rel="noreferrer noopener"><strong><u>Formulario de inscripción</u></strong></a> y el <a href="https://www.akdermaplastik.de/_files/ugd/e99956_9db7b534ebbc4c44b037f436a9b6be75.pdf" target="_blank" rel="noreferrer noopener"><strong><u>Programa</u></strong></a><strong> </strong>para la primera fecha de asistencia en Bonn. Recibirá más información tras la inscripción.</p>

<p>Die Veranstaltungsreihe von KLIK green zum Thema Klimamanagement beginnt am 27. September 2022. Das Angebot richtet sich an bereits ausgebildete KLIK Green Klimamanager:innen und solche, die es mit dem KLIK Green+ Projekt werden wollen. Veranstalter sind der BUND Berlin und Kooperationspartner die Krankenhausgesellschaft Nordrhein-Westfalen (KGNW) Nachfolgend finden Sie sowohl das Anmeldeformular sowie das Programm für [&hellip;]</p>
