{"id":4880,"date":"2023-12-13T06:57:55","date_gmt":"2023-12-13T06:57:55","guid":{"rendered":"https:\/\/agderma.de\/?post_type=veranstaltungen&#038;p=4880"},"modified":"2023-12-13T06:59:41","modified_gmt":"2023-12-13T06:59:41","slug":"salida-del-plastico-formas-de-salir-de-la-crisis-del-plastico-conferencia-mesa-redonda-para-ong","status":"publish","type":"veranstaltungen","link":"https:\/\/agderma.de\/es\/veranstaltungen\/exit-plastik-wege-aus-der-plastikkrise-konferenz-runder-tisch-fuer-ngos\/","title":{"rendered":"Exit Plastic: Formas de salir de la crisis del pl\u00e1stico (conferencia y mesa redonda para ONG)"},"content":{"rendered":"<p>Organizador: Exit Plastic Alliance<br>Fecha: Martes, 6 de febrero de 2024<br>Lugar de celebraci\u00f3n: En los locales de la Fundaci\u00f3n Heinrich B\u00f6ll, Schumannstr. 8, 10117 Berl\u00edn<\/p>\n\n\n\n<p>El evento consta de dos partes:<\/p>\n\n\n\n<ul class=\"wp-block-list\">\n<li>Conferencia para todos: 2-6 pm<\/li>\n\n\n\n<li>Mesa redonda s\u00f3lo para ONG: 10.00 - 14.00 horas<\/li>\n<\/ul>\n\n\n\n<p>Puede encontrar m\u00e1s informaci\u00f3n sobre el evento <a href=\"https:\/\/agderma.de\/wp-content\/uploads\/2023\/12\/SaveTheDate_Exit_Plastik_Konferenz_Runder_Tisch.pdf\" target=\"_blank\" rel=\"noreferrer noopener\">aqu\u00ed<\/a> y en el <a href=\"http:\/\/www.exit-plastik.de\/konferenz-2024\/\" target=\"_blank\" rel=\"noreferrer noopener\">P\u00e1gina web de Exit Plastik<\/a>.<\/p>","protected":false},"excerpt":{"rendered":"<p>Organizador: Exit Plastic AllianceFecha: Martes, 6 de febrero de 2024Lugar: En los locales de la Fundaci\u00f3n Heinrich B\u00f6ll, Schumannstr. 8, 10117 Berl\u00edn El acto consta de dos partes: Encontrar\u00e1 m\u00e1s informaci\u00f3n sobre el acto aqu\u00ed y en la p\u00e1gina web de Exit Plastik.<\/p>","protected":false},"featured_media":4883,"template":"","class_list":["post-4880","veranstaltungen","type-veranstaltungen","status-publish","has-post-thumbnail","hentry"],"acf":[],"_links":{"self":[{"href":"https:\/\/agderma.de\/es\/wp-json\/wp\/v2\/veranstaltungen\/4880","targetHints":{"allow":["GET"]}}],"collection":[{"href":"https:\/\/agderma.de\/es\/wp-json\/wp\/v2\/veranstaltungen"}],"about":[{"href":"https:\/\/agderma.de\/es\/wp-json\/wp\/v2\/types\/veranstaltungen"}],"wp:featuredmedia":[{"embeddable":true,"href":"https:\/\/agderma.de\/es\/wp-json\/wp\/v2\/media\/4883"}],"wp:attachment":[{"href":"https:\/\/agderma.de\/es\/wp-json\/wp\/v2\/media?parent=4880"}],"curies":[{"name":"wp","href":"https:\/\/api.w.org\/{rel}","templated":true}]}}

Exit Plastic: Formas de salir de la crisis del plástico (conferencia y mesa redonda para ONG)

<p>Organizador: Exit Plastic Alliance<br>Fecha: Martes, 6 de febrero de 2024<br>Lugar de celebración: En los locales de la Fundación Heinrich Böll, Schumannstr. 8, 10117 Berlín</p>



<p>El evento consta de dos partes:</p>



<ul class="wp-block-list">
<li>Conferencia para todos: 2-6 pm</li>



<li>Mesa redonda sólo para ONG: 10.00 - 14.00 horas</li>
</ul>



<p>Puede encontrar más información sobre el evento <a href="https://agderma.de/wp-content/uploads/2023/12/SaveTheDate_Exit_Plastik_Konferenz_Runder_Tisch.pdf" target="_blank" rel="noreferrer noopener">aquí</a> y en el <a href="http://www.exit-plastik.de/konferenz-2024/" target="_blank" rel="noreferrer noopener">Página web de Exit Plastik</a>.</p>

<p>Organizador: Exit Plastic AllianceFecha: Martes, 6 de febrero de 2024Lugar: En los locales de la Fundación Heinrich Böll, Schumannstr. 8, 10117 Berlín El acto consta de dos partes: Encontrará más información sobre el acto aquí y en la página web de Exit Plastik.</p>
