{"id":931,"date":"2022-07-14T08:26:00","date_gmt":"2022-07-14T08:26:00","guid":{"rendered":"http:\/\/agderma.de\/?post_type=veranstaltung&#038;p=931"},"modified":"2023-02-26T06:08:46","modified_gmt":"2023-02-26T06:08:46","slug":"reunion-de-informacion-y-creacion-de-redes-para-la-gestion-de-practicas-sostenibles","status":"publish","type":"veranstaltungen","link":"https:\/\/agderma.de\/es\/veranstaltungen\/informations-und-vernetzungstreffen-fuer-nachhaltiges-praxismanagement\/","title":{"rendered":"Reuni\u00f3n de informaci\u00f3n y creaci\u00f3n de redes para la gesti\u00f3n sostenible de las pr\u00e1cticas"},"content":{"rendered":"<p id=\"viewer-foo\"><strong>KLUG - Alianza Alemana para el Cambio Clim\u00e1tico y la Salud e.V.<\/strong> invita cordialmente a los equipos de pr\u00e1cticas interesados a una <strong>Reuni\u00f3n informativa y de creaci\u00f3n de redes <\/strong>el mi\u00e9rcoles 27 de julio de 2022 a las 19:30 horas.<\/p>\n\n\n\n<p id=\"viewer-aehir\">Por un lado, se ofrece informaci\u00f3n sobre c\u00f3mo las pr\u00e1cticas pueden contribuir a una sociedad respetuosa con el clima y eficiente en el uso de los recursos.<\/p>\n\n\n\n<p id=\"viewer-2ksq3\">Por otro lado, los equipos de pr\u00e1ctica pueden compartir experiencias en un intercambio abierto, aprender unos de otros y trabajar en red con el fin de planificar conjuntamente los pr\u00f3ximos pasos concretos para la acci\u00f3n.<\/p>\n\n\n\n<p id=\"viewer-f22d6\"><strong>Tema: La acci\u00f3n transformadora para la justicia clim\u00e1tica en la pr\u00e1ctica<\/strong><\/p>\n\n\n\n<p id=\"viewer-52elg\"><strong>Grupo destinatario<\/strong>: Equipos de pr\u00e1ctica con y sin experiencia previa<\/p>\n\n\n\n<p id=\"viewer-bottu\"><strong>Cita previa<\/strong>: 27 de julio de 2022, 19:30-21:00<\/p>\n\n\n\n<p id=\"viewer-7af4v\"><strong>Ubicaci\u00f3n<\/strong>: en l\u00ednea a trav\u00e9s de Zoom<\/p>\n\n\n\n<p id=\"viewer-c2f5e\"><strong>Inscripci\u00f3n<\/strong>: <a rel=\"noreferrer noopener\" href=\"https:\/\/us02web.zoom.us\/meeting\/register\/tZMvc-2rqTMiE9WXE_ySEtmAzQkplVglnuba\" target=\"_blank\">https:\/\/us02web.zoom.us\/meeting\/register\/tZMvc-2rqTMiE9WXE_ySEtmAzQkplVglnuba<\/a><\/p>\n\n\n\n<p>Foto de <a rel=\"noreferrer noopener\" href=\"https:\/\/unsplash.com\/@danteov_seen\" target=\"_blank\">Nikola Jovanovic<\/a> en <a rel=\"noreferrer noopener\" href=\"https:\/\/unsplash.com\/\" target=\"_blank\">Unsplash<\/a><\/p>","protected":false},"excerpt":{"rendered":"<p>KLUG &#8211; Deutsche Allianz Klimawandel und Gesundheit e.V. l\u00e4dt interessierte Praxisteams herzlich zu einem Informations- und Vernetzungstreffen am Mittwoch, den 27. Juli 2022 um 19:30 Uhr ein. Es wird zum einen \u00fcber M\u00f6glichkeiten informiert, wie Praxen einen Beitrag zu einer klimagerechten und ressourceneffizienten Gesellschaft leisten k\u00f6nnen. Zum anderen k\u00f6nnen Praxisteams in einem offenen Austausch Erfahrungen [&hellip;]<\/p>\n","protected":false},"featured_media":0,"template":"","class_list":["post-931","veranstaltungen","type-veranstaltungen","status-publish","hentry"],"acf":[],"_links":{"self":[{"href":"https:\/\/agderma.de\/es\/wp-json\/wp\/v2\/veranstaltungen\/931","targetHints":{"allow":["GET"]}}],"collection":[{"href":"https:\/\/agderma.de\/es\/wp-json\/wp\/v2\/veranstaltungen"}],"about":[{"href":"https:\/\/agderma.de\/es\/wp-json\/wp\/v2\/types\/veranstaltungen"}],"wp:attachment":[{"href":"https:\/\/agderma.de\/es\/wp-json\/wp\/v2\/media?parent=931"}],"curies":[{"name":"wp","href":"https:\/\/api.w.org\/{rel}","templated":true}]}}

Reunión de información y creación de redes para la gestión sostenible de las prácticas

<p id="viewer-foo"><strong>KLUG - Alianza Alemana para el Cambio Climático y la Salud e.V.</strong> invita cordialmente a los equipos de prácticas interesados a una <strong>Reunión informativa y de creación de redes </strong>el miércoles 27 de julio de 2022 a las 19:30 horas.</p>



<p id="viewer-aehir">Por un lado, se ofrece información sobre cómo las prácticas pueden contribuir a una sociedad respetuosa con el clima y eficiente en el uso de los recursos.</p>



<p id="viewer-2ksq3">Por otro lado, los equipos de práctica pueden compartir experiencias en un intercambio abierto, aprender unos de otros y trabajar en red con el fin de planificar conjuntamente los próximos pasos concretos para la acción.</p>



<p id="viewer-f22d6"><strong>Tema: La acción transformadora para la justicia climática en la práctica</strong></p>



<p id="viewer-52elg"><strong>Grupo destinatario</strong>: Equipos de práctica con y sin experiencia previa</p>



<p id="viewer-bottu"><strong>Cita previa</strong>: 27 de julio de 2022, 19:30-21:00</p>



<p id="viewer-7af4v"><strong>Ubicación</strong>: en línea a través de Zoom</p>



<p id="viewer-c2f5e"><strong>Inscripción</strong>: <a rel="noreferrer noopener" href="https://us02web.zoom.us/meeting/register/tZMvc-2rqTMiE9WXE_ySEtmAzQkplVglnuba" target="_blank">https://us02web.zoom.us/meeting/register/tZMvc-2rqTMiE9WXE_ySEtmAzQkplVglnuba</a></p>



<p>Foto de <a rel="noreferrer noopener" href="https://unsplash.com/@danteov_seen" target="_blank">Nikola Jovanovic</a> en <a rel="noreferrer noopener" href="https://unsplash.com/" target="_blank">Unsplash</a></p>

<p>KLUG &#8211; Deutsche Allianz Klimawandel und Gesundheit e.V. lädt interessierte Praxisteams herzlich zu einem Informations- und Vernetzungstreffen am Mittwoch, den 27. Juli 2022 um 19:30 Uhr ein. Es wird zum einen über Möglichkeiten informiert, wie Praxen einen Beitrag zu einer klimagerechten und ressourceneffizienten Gesellschaft leisten können. Zum anderen können Praxisteams in einem offenen Austausch Erfahrungen [&hellip;]</p>
