{"id":4880,"date":"2023-12-13T06:57:55","date_gmt":"2023-12-13T06:57:55","guid":{"rendered":"https:\/\/agderma.de\/?post_type=veranstaltungen&#038;p=4880"},"modified":"2023-12-13T06:59:41","modified_gmt":"2023-12-13T06:59:41","slug":"exit-le-plastique-comment-sortir-de-la-crise-du-plastique-conference-table-ronde-pour-les-ngos","status":"publish","type":"veranstaltungen","link":"https:\/\/agderma.de\/fr\/veranstaltungen\/exit-plastik-wege-aus-der-plastikkrise-konferenz-runder-tisch-fuer-ngos\/","title":{"rendered":"Exit Plastic : comment sortir de la crise du plastique (conf\u00e9rence &amp; table ronde pour les ONG)"},"content":{"rendered":"<p>Organisateur : Alliance Exit Plastik<br>Date limite : Mardi 6 f\u00e9vrier 2024<br>Lieu : Dans les locaux de la Fondation Heinrich B\u00f6ll, Schumannstr. 8, 10117 Berlin<\/p>\n\n\n\n<p>L'\u00e9v\u00e9nement se compose de deux parties :<\/p>\n\n\n\n<ul class=\"wp-block-list\">\n<li>Conf\u00e9rence ouverte \u00e0 tous : 14h-18h<\/li>\n\n\n\n<li>Table ronde r\u00e9serv\u00e9e aux ONG : 10h-14h<\/li>\n<\/ul>\n\n\n\n<p>Pour plus d'informations sur l'\u00e9v\u00e9nement, consultez <a href=\"https:\/\/agderma.de\/wp-content\/uploads\/2023\/12\/SaveTheDate_Exit_Plastik_Konferenz_Runder_Tisch.pdf\" target=\"_blank\" rel=\"noreferrer noopener\">ici<\/a> et sur la <a href=\"http:\/\/www.exit-plastik.de\/konferenz-2024\/\" target=\"_blank\" rel=\"noreferrer noopener\">Site web d'Exit Plastik<\/a>.<\/p>","protected":false},"excerpt":{"rendered":"<p>Organisateur : Alliance Exit PlastikDate : Mardi 6 f\u00e9vrier 2024Lieu : Dans les locaux de la Fondation Heinrich B\u00f6ll, Schumannstr. 8, 10117 Berlin L'\u00e9v\u00e9nement se d\u00e9roulera en deux parties : Vous trouverez plus d'informations sur l'\u00e9v\u00e9nement ici et sur le site web d'Exit Plastik.<\/p>","protected":false},"featured_media":4883,"template":"","class_list":["post-4880","veranstaltungen","type-veranstaltungen","status-publish","has-post-thumbnail","hentry"],"acf":[],"_links":{"self":[{"href":"https:\/\/agderma.de\/fr\/wp-json\/wp\/v2\/veranstaltungen\/4880","targetHints":{"allow":["GET"]}}],"collection":[{"href":"https:\/\/agderma.de\/fr\/wp-json\/wp\/v2\/veranstaltungen"}],"about":[{"href":"https:\/\/agderma.de\/fr\/wp-json\/wp\/v2\/types\/veranstaltungen"}],"wp:featuredmedia":[{"embeddable":true,"href":"https:\/\/agderma.de\/fr\/wp-json\/wp\/v2\/media\/4883"}],"wp:attachment":[{"href":"https:\/\/agderma.de\/fr\/wp-json\/wp\/v2\/media?parent=4880"}],"curies":[{"name":"wp","href":"https:\/\/api.w.org\/{rel}","templated":true}]}}

Exit Plastic : comment sortir de la crise du plastique (conférence &amp; table ronde pour les ONG)

<p>Organisateur : Alliance Exit Plastik<br>Date limite : Mardi 6 février 2024<br>Lieu : Dans les locaux de la Fondation Heinrich Böll, Schumannstr. 8, 10117 Berlin</p>



<p>L'événement se compose de deux parties :</p>



<ul class="wp-block-list">
<li>Conférence ouverte à tous : 14h-18h</li>



<li>Table ronde réservée aux ONG : 10h-14h</li>
</ul>



<p>Pour plus d'informations sur l'événement, consultez <a href="https://agderma.de/wp-content/uploads/2023/12/SaveTheDate_Exit_Plastik_Konferenz_Runder_Tisch.pdf" target="_blank" rel="noreferrer noopener">ici</a> et sur la <a href="http://www.exit-plastik.de/konferenz-2024/" target="_blank" rel="noreferrer noopener">Site web d'Exit Plastik</a>.</p>

<p>Organisateur : Alliance Exit PlastikDate : Mardi 6 février 2024Lieu : Dans les locaux de la Fondation Heinrich Böll, Schumannstr. 8, 10117 Berlin L'événement se déroulera en deux parties : Vous trouverez plus d'informations sur l'événement ici et sur le site web d'Exit Plastik.</p>
