{"id":931,"date":"2022-07-14T08:26:00","date_gmt":"2022-07-14T08:26:00","guid":{"rendered":"http:\/\/agderma.de\/?post_type=veranstaltung&#038;p=931"},"modified":"2023-02-26T06:08:46","modified_gmt":"2023-02-26T06:08:46","slug":"reunion-dinformation-et-de-mise-en-reseau-pour-une-gestion-durable-des-cabinets-medicaux","status":"publish","type":"veranstaltungen","link":"https:\/\/agderma.de\/fr\/veranstaltungen\/informations-und-vernetzungstreffen-fuer-nachhaltiges-praxismanagement\/","title":{"rendered":"R\u00e9union d'information et de mise en r\u00e9seau pour une gestion durable des pratiques"},"content":{"rendered":"<p id=\"viewer-foo\"><strong>KLUG - Alliance allemande pour le changement climatique et la sant\u00e9<\/strong> invite cordialement les \u00e9quipes de praticiens int\u00e9ress\u00e9es \u00e0 un <strong>R\u00e9unions d'information et de mise en r\u00e9seau <\/strong>le mercredi 27 juillet 2022 \u00e0 19h30.<\/p>\n\n\n\n<p id=\"viewer-aehir\">Il s'agit d'une part d'informer sur les possibilit\u00e9s pour les cabinets m\u00e9dicaux de contribuer \u00e0 une soci\u00e9t\u00e9 respectueuse du climat et efficace dans l'utilisation des ressources.<\/p>\n\n\n\n<p id=\"viewer-2ksq3\">D'autre part, les \u00e9quipes de praticiens peuvent partager leurs exp\u00e9riences dans le cadre d'un \u00e9change ouvert, apprendre les unes des autres et se mettre en r\u00e9seau afin de planifier ensemble les prochaines \u00e9tapes concr\u00e8tes.<\/p>\n\n\n\n<p id=\"viewer-f22d6\"><strong>Th\u00e8me : Agir de mani\u00e8re transformative pour la justice climatique dans la pratique<\/strong><\/p>\n\n\n\n<p id=\"viewer-52elg\"><strong>Groupe cible<\/strong>\u00c9quipes de praticiens avec ou sans exp\u00e9rience pr\u00e9alable<\/p>\n\n\n\n<p id=\"viewer-bottu\"><strong>Rendez-vous<\/strong>: 27 juillet 2022, 19h30-21h00<\/p>\n\n\n\n<p id=\"viewer-7af4v\"><strong>Lieu<\/strong>en ligne via Zoom<\/p>\n\n\n\n<p id=\"viewer-c2f5e\"><strong>Inscription<\/strong>: <a rel=\"noreferrer noopener\" href=\"https:\/\/us02web.zoom.us\/meeting\/register\/tZMvc-2rqTMiE9WXE_ySEtmAzQkplVglnuba\" target=\"_blank\">https:\/\/us02web.zoom.us\/meeting\/register\/tZMvc-2rqTMiE9WXE_ySEtmAzQkplVglnuba<\/a><\/p>\n\n\n\n<p>Photo par <a rel=\"noreferrer noopener\" href=\"https:\/\/unsplash.com\/@danteov_seen\" target=\"_blank\">Nikola Jovanovic<\/a> sur <a rel=\"noreferrer noopener\" href=\"https:\/\/unsplash.com\/\" target=\"_blank\">Unsplash<\/a><\/p>","protected":false},"excerpt":{"rendered":"<p>KLUG &#8211; Deutsche Allianz Klimawandel und Gesundheit e.V. l\u00e4dt interessierte Praxisteams herzlich zu einem Informations- und Vernetzungstreffen am Mittwoch, den 27. Juli 2022 um 19:30 Uhr ein. Es wird zum einen \u00fcber M\u00f6glichkeiten informiert, wie Praxen einen Beitrag zu einer klimagerechten und ressourceneffizienten Gesellschaft leisten k\u00f6nnen. Zum anderen k\u00f6nnen Praxisteams in einem offenen Austausch Erfahrungen [&hellip;]<\/p>\n","protected":false},"featured_media":0,"template":"","class_list":["post-931","veranstaltungen","type-veranstaltungen","status-publish","hentry"],"acf":[],"_links":{"self":[{"href":"https:\/\/agderma.de\/fr\/wp-json\/wp\/v2\/veranstaltungen\/931","targetHints":{"allow":["GET"]}}],"collection":[{"href":"https:\/\/agderma.de\/fr\/wp-json\/wp\/v2\/veranstaltungen"}],"about":[{"href":"https:\/\/agderma.de\/fr\/wp-json\/wp\/v2\/types\/veranstaltungen"}],"wp:attachment":[{"href":"https:\/\/agderma.de\/fr\/wp-json\/wp\/v2\/media?parent=931"}],"curies":[{"name":"wp","href":"https:\/\/api.w.org\/{rel}","templated":true}]}}

Réunion d'information et de mise en réseau pour une gestion durable des pratiques

<p id="viewer-foo"><strong>KLUG - Alliance allemande pour le changement climatique et la santé</strong> invite cordialement les équipes de praticiens intéressées à un <strong>Réunions d'information et de mise en réseau </strong>le mercredi 27 juillet 2022 à 19h30.</p>



<p id="viewer-aehir">Il s'agit d'une part d'informer sur les possibilités pour les cabinets médicaux de contribuer à une société respectueuse du climat et efficace dans l'utilisation des ressources.</p>



<p id="viewer-2ksq3">D'autre part, les équipes de praticiens peuvent partager leurs expériences dans le cadre d'un échange ouvert, apprendre les unes des autres et se mettre en réseau afin de planifier ensemble les prochaines étapes concrètes.</p>



<p id="viewer-f22d6"><strong>Thème : Agir de manière transformative pour la justice climatique dans la pratique</strong></p>



<p id="viewer-52elg"><strong>Groupe cible</strong>Équipes de praticiens avec ou sans expérience préalable</p>



<p id="viewer-bottu"><strong>Rendez-vous</strong>: 27 juillet 2022, 19h30-21h00</p>



<p id="viewer-7af4v"><strong>Lieu</strong>en ligne via Zoom</p>



<p id="viewer-c2f5e"><strong>Inscription</strong>: <a rel="noreferrer noopener" href="https://us02web.zoom.us/meeting/register/tZMvc-2rqTMiE9WXE_ySEtmAzQkplVglnuba" target="_blank">https://us02web.zoom.us/meeting/register/tZMvc-2rqTMiE9WXE_ySEtmAzQkplVglnuba</a></p>



<p>Photo par <a rel="noreferrer noopener" href="https://unsplash.com/@danteov_seen" target="_blank">Nikola Jovanovic</a> sur <a rel="noreferrer noopener" href="https://unsplash.com/" target="_blank">Unsplash</a></p>

<p>KLUG &#8211; Deutsche Allianz Klimawandel und Gesundheit e.V. lädt interessierte Praxisteams herzlich zu einem Informations- und Vernetzungstreffen am Mittwoch, den 27. Juli 2022 um 19:30 Uhr ein. Es wird zum einen über Möglichkeiten informiert, wie Praxen einen Beitrag zu einer klimagerechten und ressourceneffizienten Gesellschaft leisten können. Zum anderen können Praxisteams in einem offenen Austausch Erfahrungen [&hellip;]</p>
